{"version":"1.0","provider_name":"Comunitat Palestina de Catalunya","provider_url":"https:\/\/www.palestina.cat\/fr\/","author_name":"maboali","author_url":"https:\/\/www.palestina.cat\/fr\/author\/mjamal\/","title":"CPCI International Meeting","type":"rich","width":600,"height":338,"html":"<blockquote class=\"wp-embedded-content\" data-secret=\"jIZVibYI74\"><a href=\"https:\/\/www.palestina.cat\/fr\/cpci-international-meeting\/\">CPCI International Meeting<\/a><\/blockquote><iframe sandbox=\"allow-scripts\" security=\"restricted\" src=\"https:\/\/www.palestina.cat\/fr\/cpci-international-meeting\/embed\/#?secret=jIZVibYI74\" width=\"600\" height=\"338\" title=\"\u00ab\u00a0CPCI International Meeting\u00a0\u00bb &#8212; Comunitat Palestina de Catalunya\" data-secret=\"jIZVibYI74\" frameborder=\"0\" marginwidth=\"0\" marginheight=\"0\" scrolling=\"no\" class=\"wp-embedded-content\"><\/iframe><script>\n\/*! This file is auto-generated *\/\n!function(d,l){\"use strict\";l.querySelector&&d.addEventListener&&\"undefined\"!=typeof URL&&(d.wp=d.wp||{},d.wp.receiveEmbedMessage||(d.wp.receiveEmbedMessage=function(e){var t=e.data;if((t||t.secret||t.message||t.value)&&!\/[^a-zA-Z0-9]\/.test(t.secret)){for(var s,r,n,a=l.querySelectorAll('iframe[data-secret=\"'+t.secret+'\"]'),o=l.querySelectorAll('blockquote[data-secret=\"'+t.secret+'\"]'),c=new RegExp(\"^https?:$\",\"i\"),i=0;i<o.length;i++)o[i].style.display=\"none\";for(i=0;i<a.length;i++)s=a[i],e.source===s.contentWindow&&(s.removeAttribute(\"style\"),\"height\"===t.message?(1e3<(r=parseInt(t.value,10))?r=1e3:~~r<200&&(r=200),s.height=r):\"link\"===t.message&&(r=new URL(s.getAttribute(\"src\")),n=new URL(t.value),c.test(n.protocol))&&n.host===r.host&&l.activeElement===s&&(d.top.location.href=t.value))}},d.addEventListener(\"message\",d.wp.receiveEmbedMessage,!1),l.addEventListener(\"DOMContentLoaded\",function(){for(var e,t,s=l.querySelectorAll(\"iframe.wp-embedded-content\"),r=0;r<s.length;r++)(t=(e=s[r]).getAttribute(\"data-secret\"))||(t=Math.random().toString(36).substring(2,12),e.src+=\"#?secret=\"+t,e.setAttribute(\"data-secret\",t)),e.contentWindow.postMessage({message:\"ready\",secret:t},\"*\")},!1)))}(window,document);\n\/\/# sourceURL=https:\/\/www.palestina.cat\/wp-includes\/js\/wp-embed.min.js\n<\/script>\n","description":"CAT ES AR EN FR DE Chers amies et amis, Nous poursuivons les accords conclus lors de la r\u00e9union des militants et des organisations de solidarit\u00e9 avec le peuple palestinien qui s&rsquo;est tenue \u00e0 Barcelone le 25 novembre dernier. Nous pensons que la situation rend encore plus n\u00e9cessaire la mobilisation et la coordination de toutes [&hellip;]","thumbnail_url":"https:\/\/www.palestina.cat\/wp-content\/uploads\/2022\/11\/boicot_cartell-208x300-1.jpg","thumbnail_width":208,"thumbnail_height":300}

CAT ES AR EN FR DE Chers amies et amis, Nous poursuivons les accords conclus lors de la réunion des militants et des organisations de solidarité avec le peuple palestinien qui s&rsquo;est tenue à Barcelone le 25 novembre dernier. Nous pensons que la situation rend encore plus nécessaire la mobilisation et la coordination de toutes [&hellip;]
